2 - 25*l + 194. Calculate q(-18).
-4
Let i(y) = -94*y + 452. Calculate i(7).
-206
Let n(b) = -3*b**3 + 212*b**2 - 738*b + 78. Calculate n(67).
11
Let b(m) = -m**3 - 7*m**2 - 3*m + 17. Determine b(-2).
3
Let k(q) = -q**3 + 17*q**2 + 5*q - 7. Determine k(17).
78
Let j(d) = 563*d + 21. Calculate j(0).
21
Let j(s) = 3*s**3 + 5*s**2 + 5*s + 29. What is j(-3)?
-22
Let i(q) = -94*q + 15. Give i(0).
15
Let m(y) = -13*y - 215. Calculate m(-12).
-59
Let d(x) = x**2 + 606*x + 1205. Determine d(-2).
-3
Let i(k) = -k**2 + 123*k + 14581. Calculate i(-74).
3
Let i(j) = 2*j**3 - 37*j**2 - 8*j + 1177. Calculate i(7).
-6
Let l(j) = -j**2 - 29*j - 48. What is l(-2)?
6
Let d(y) = -3*y**2 - 36*y + 140. Give d(-15).
5
Let x(w) = -w**3 + 16*w**2 + 51*w - 665. Determine x(6).
1
Let q(o) = 5*o**2 - 360*o + 6. Determine q(72).
6
Let x(l) = -l**2 + 30*l - 136. Determine x(17).
85
Let f(v) = 19*v - 9. Calculate f(6).
105
Let m(g) = 2*g**2 + 312*g + 7558. What is m(-30)?
-2
Let o(c) = -c**2 - 22. What is o(15)?
-247
Let y(u) = -73*u - 262. Determine y(-3).
-43
Let s(r) = -r**3 + 52*r**2 - 507*r + 9. Calculate s(39).
9
Let m(x) = -57*x + 41. Determine m(-1).
98
Let z(v) = -4*v**2 + 88*v + 59. What is z(23)?
-33
Let o(r) = 6*r**2 - 312*r + 61. Calculate o(51).
-245
Let p(g) = 11*g**2 + 1172*g - 1171. What is p(1)?
12
Let f(c) = -6*c**3 - 2*c**2 + 3. Calculate f(-2).
43
Let r(i) = 5*i**3 + 35*i**2 + 4*i + 43. What is r(-6)?
199
Let p(o) = -84*o**3 + o**2 + 4*o + 3. What is p(-1)?
84
Let p(w) = w**3 + 2*w**2 - 29*w - 68. Calculate p(-8).
-220
Let r(t) = -2*t**3 + 25*t**2 + 72*t - 751. Determine r(13).
16
Let s(y) = 12*y**2 + 20*y - 9. What is s(-3)?
39
Let r(l) = -7*l**2 - 468*l + 79. Determine r(-67).
12
Let p(r) = -r**2 - 113*r + 1487. Give p(-125).
-13
Let f(b) = -b**3 + 68*b**2 + 78*b - 632. Give f(69).
-11
Let s(j) = 1309*j - 13105. Determine s(10).
-15
Let p(g) = 3*g**2 - 907*g + 1811. What is p(2)?
9
Let z(c) = -c**2 - 4*c + 29. Determine z(-11).
-48
Let g(j) = -113*j**2 + 1035*j - 158. What is g(9)?
4
Let w(l) = 2*l**2 + 130*l - 1135. Give w(8).
33
Let o(n) = n**2 + 8*n - 13. Determine o(-3).
-28
Let p(y) = y**3 - 116*y**2 + 460*y - 1340. What is p(112)?
4
Let u(p) = -4*p**2 - 43*p - 23. Determine u(-10).
7
Let k(q) = q**3 - 87*q**2 + 1419*q + 1225. What is k(23)?
6
Let c(n) = -174*n - 2770. Calculate c(-16).
14
Let m(v) = -v**3 + 19*v**2 - 59*v + 19. Determine m(15).
34
Let p(b) = b**2 + 259*b - 19531. What is p(61)?
-11
Let v(b) = -b**3 + 16*b**2 - 27*b - 2. Determine v(14).
12
Let b(v) = 1811*v - 18107. What is b(10)?
3
Let c(g) = -g**2 + 8*g - 5. What is c(-7)?
-110
Let h(y) = y**3 - 4*y**2 + 22*y - 128. Calculate h(4).
-40
Let l(s) = 29*s + 279. Determine l(-13).
-98
Let q(j) = -171*j - 17451. Calculate q(-102).
-9
Let k(g) = 31*g + 149. Determine k(-5).
-6
Let o(q) = -q**3 - 22*q**2 + 21*q + 914. Give o(-21).
32
Let t(b) = -36*b - 1. What is t(-4)?
143
Let r(u) = -12*u + 926. Give r(87).
-118
Let z(v) = -v**2 + 30*v - 205. What is z(19)?
4
Let c(z) = z**2 + 45*z - 2. Determine c(0).
-2
Let s(t) = -t**3 - t**2 - 52*t + 115. Determine s(2).
-1
Let a(z) = z**3 - 8*z**2 + 8*z - 11. Give a(5).
-46
Let o(d) = 333*d**2 - 3998*d + 22. Calculate o(12).
-2
Let k(q) = 67*q - 336. Determine k(5).
-1
Let s(h) = h**3 + 14*h**2 - 66*h - 9. Calculate s(-18).
-117
Let x(f) = 9*f**2 + 8*f + 1. What is x(1)?
18
Let a(s) = s**3 - 14*s**2 + 48*s - 29. Determine a(9).
-2
Let r(k) = -3*k**3 - 124*k**2 - 48*k - 268. Determine r(-41).
19
Let l(d) = d**2 + 54*d + 8. Give l(-54).
8
Let s(z) = -1788*z - 26813. Give s(-15).
7
Let f(h) = -67*h**2 - 361*h - 7. Determine f(-6).
-253
Let x(f) = -136*f + 3371. Give x(25).
-29
Let h(p) = -1735*p + 6932. Give h(4).
-8
Let a(v) = v**3 - 99*v**2 - 308*v + 211. Calculate a(102).
7
Let v(q) = -15*q - 8. Determine v(0).
-8
Let g(r) = 17*r**2 - 123*r - 79. Calculate g(8).
25
Let s(m) = m**3 + 90*m**2 - 1458*m - 213. Determine s(-104).
-5
Let u(t) = 25*t + 972. Give u(-39).
-3
Let p(j) = -j**3 + 76*j**2 + 70*j + 529. What is p(77)?
-10
Let t(j) = 6*j**2 - 25*j + 64. Give t(5).
89
Let a(v) = -8*v - 93. What is a(-15)?
27
Let t(v) = v**3 + 37*v**2 - 74*v + 149. What is t(-39)?
-7
Let s(u) = u**2 - 79*u + 1479. What is s(32)?
-25
Let f(s) = 3*s**2 + 307*s + 2439. What is f(-8)?
175
Let h(r) = -r**2 - 187*r + 6761. What is h(31)?
3
Let n(u) = 102*u**2 + 1127*u + 50. What is n(-11)?
-5
Let t(l) = -l**3 - 10*l**2 + 72*l - 306. What is t(-16)?
78
Let t(m) = 24*m**2 + 43*m. Give t(-2).
10
Let n(c) = c**3 + 9*c**2 - 20*c - 17. Give n(-11).
-39
Let t(k) = 2*k**3 + 27*k**2 + 33*k + 74. What is t(-14)?
-584
Let o(b) = b**3 - 9*b**2 - 4*b + 272. Give o(11).
470
Let w(u) = 7*u - 475. What is w(-60)?
-895
Let z(d) = d**3 - 11*d**2 - 653*d + 7188. Determine z(11).
5
Let i(q) = -12*q**2 - 7*q + 7. Determine i(-4).
-157
Let d(y) = 3*y**2 - 8*y - 47. Determine d(-3).
4
Let f(m) = -2*m**3 - 16*m**2 + 235*m + 1959. Determine f(-8).
79
Let y(q) = 9711*q + 407858. Give y(-42).
-4
Let j(n) = n**2 - 52*n - 1011. Determine j(67).
-6
Let z(m) = 18*m + 2128. Calculate z(-112).
112
Let n(b) = b**3 + b**2 - 4*b - 18. Determine n(3).
6
Let i(d) = -2*d**2 + 3*d + 112. Determine i(-14).
-322
Let m(q) = q**3 - 3*q**2 + 1160*q - 3503. Calculate m(3).
-23
Let j(r) = -55*r - 261. What is j(-4)?
-41
Let j(z) = -50*z**2 + 1747*z + 67. What is j(35)?
-38
Let c(i) = -4*i + 42. Determine c(-19).
118
Let u(y) = -41*y - 139. Determine u(-4).
25
Let a(m) = m**3 - 21*m**2 + 56*m - 35. What is a(15)?
-545
Let t(b) = b**3 + 103*b**2 - 96*b - 9901. Determine t(-103).
-13
Let a(y) = 8*y**2 + 142*y + 606. Determine a(-10).
-14
Let n(p) = -p**3 - 28*p**2 - 61*p - 672. What is n(-26)?
-438
Let u(d) = d**3 + 2*d**2 + 9*d + 7. Calculate u(0).
7
Let y(w) = 2*w**2 + 42*w + 205. Calculate y(-11).
-15
Let c(y) = -46*y + 2081. Give c(40).
241
Let h(k) = -13*k - 66. Calculate h(-6).
12
Let t(u) = -u**3 - 11*u**2 + 18*u + 155. What is t(-6)?
-133
Let v(o) = -28*o**2 + 1182*o - 259. Calculate v(42).
-7
Let z(g) = 985*g + 5907. Calculate z(-6).
-3
Let w(a) = 2*a**2 + 46*a - 62. Determine w(-24).
-14
Let o(t) = -2*t**3 - 52*t**2 + 55*t + 1. What is o(-27)?
-26
Let q(r) = 262*r + 339. What is q(-1)?
77
Let c(g) = 8702*g - 78328. Determine c(9).
-10
Let o(z) = -15*z + 137. What is o(25)?
-238
Let p(t) = -t**2 + 10*t + 187. Determine p(19).
16
Let m(t) = t**3 - t**2 - 8*t - 229. Calculate m(0).
-229
Let u(q) = 4*q**2 + 179*q + 133. Give u(-44).
1
Let s(r) = 115*r - 839. What is s(7)?
-34
Let j(v) = -2*v**3 + 97*v**2 + 45*v + 196. Calculate j(49).
0
Let a(n) = 280*n + 2810. Give a(-10).
10
Let x(r) = -117*r - 1350. Determine x(-12).
54
Let w(c) = -c**2 - 84*c + 622. Calculate w(7).
-15
Let b(c) = 12225*c + 85572. Give b(-7).
-3
Let c(j) = -24*j + 363. What is c(13)?
51
Let p(c) = -4*c**3 - 28*c**2 - 25*c - 23. Give p(-6).
-17
Let r(z) = 40*z - 46. What is r(1)?
-6
Let m(i) = 53*i - 5167. Give m(100).
133
Let l(b) = -b**3 - b**2 - 12*b - 10. Give l(-4).
86
Let l(f) = 135*f - 1545. What is l(10)?
-195
Let b(q) = 17*q**3 + 136*q**2 + 4*q. Calculate b(-8).
-32
Let t(f) = -f**2 + 180*f - 7076. Calculate t(122).
0
Let o(f) = -2*f**2 + 247*f - 1850. Give o(8).
-2
Let i(u) = 2*u**2 - 14*u - 26. What is i(-3)?
34
Let m(c) = -2*c**2 + 7*c + 1942. What is m(33)?
-5
Let x(s) = -6*s**2 + 250*s - 1. Give x(41).
163
Let q(d) = -2*d - 134. Calculate q(17).
-168
Let j(g) = -35*g**2 - 170*g - 171. What is j(-1)?
-36
Let p(a) = -3*a**3 - 14*a**2 - 5*a + 11. What is p(-4)?
-1
Let i(j) = -464*j - 684. Determine i(-3).
708
Let g(s) = s**2 + 181*s - 2529. Determine g(13).
-7
Let z(b) = 12*b**2 - 15*b - 12. Give z(4).
120
Let d(f) = -196*f - 3133. Give d(-16).
3
Let n(t) = -1197*t + 14397. Give n(12).
33
Let n(i) = -135*i - 136. Calculate n(-1).
-1
Let y(i) = -i**3 + 51*i**2 + 132*i + 1622. Determine y(54).
2
Let p(n) = -5*n - 1464. What is p(-295)?
11
Let x(j) = 5*j + 1. What is x(-4)?
-19
Let n(y) = -y**3 + 45*y**2 - 137*y + 462. Calculate n(42).
0
Let n(b) = -b**3 - 28*b**2 - 35*b - 195. Give n(-27).
21
Let l(i) = -i**2 + 26*i + 247. Calculate l(-8).
-25
Let j(x) = 5*x**2 + 56*x - 33. Give j(-12).
15
Let g(z) = 24*z - 132. Calculate g(11).
132
Let o(k) = 2*k**3 + 37*k**2 - 14*k + 130. What is o(-19)?
35
Let t(l) = -61*l + 242. Determine 